
Calculate the remainder when 2035686 is divided by 407135.
11
What is the remainder when 26809 is divided by 312?
289
Calculate the remainder when 7919 is divided by 748.
439
What is the remainder when 7770 is divided by 16?
10
Calculate the remainder when 3161 is divided by 9.
2
Calculate the remainder when 32977 is divided by 2963.
384
Calculate the remainder when 5644 is divided by 209.
1
What is the remainder when 816753 is divided by 45?
3
Calculate the remainder when 1552 is divided by 54.
40
What is the remainder when 15504 is divided by 15501?
3
What is the remainder when 2941 is divided by 2886?
55
Calculate the remainder when 4810 is divided by 16.
10
What is the remainder when 301700 is divided by 601?
599
What is the remainder when 1565 is divided by 1524?
41
Calculate the remainder when 110939 is divided by 74.
13
Calculate the remainder when 421 is divided by 1.
0
What is the remainder when 13817 is divided by 94?
93
Calculate the remainder when 11312 is divided by 5604.
104
Calculate the remainder when 533911 is divided by 1083.
1075
What is the remainder when 1671300 is divided by 835646?
8
Calculate the remainder when 3967 is divided by 505.
432
Calculate the remainder when 1718 is divided by 268.
110
What is the remainder when 261406 is divided by 87133?
7
What is the remainder when 111300 is divided by 58?
56
Calculate the remainder when 103528 is divided by 119.
117
Calculate the remainder when 620 is divided by 229.
162
What is the remainder when 49731 is divided by 35?
31
What is the remainder when 23794 is divided by 3964?
10
Calculate the remainder when 26675 is divided by 12706.
1263
What is the remainder when 749 is divided by 747?
2
What is the remainder when 90634 is divided by 143?
115
Calculate the remainder when 2537 is divided by 1228.
81
What is the remainder when 5512 is divided by 229?
16
What is the remainder when 53132 is divided by 62?
60
Calculate the remainder when 4490 is divided by 560.
10
What is the remainder when 111243 is divided by 286?
275
Calculate the remainder when 7709352 is divided by 15.
12
What is the remainder when 346899 is divided by 412?
407
What is the remainder when 877 is divided by 125?
2
What is the remainder when 21116 is divided by 6?
2
What is the remainder when 19008 is divided by 1461?
15
What is the remainder when 36117 is divided by 122?
5
What is the remainder when 1803 is divided by 1794?
9
Calculate the remainder when 163704 is divided by 54564.
12
What is the remainder when 18849 is divided by 1707?
72
What is the remainder when 403560 is divided by 17?
14
Calculate the remainder when 9101 is divided by 4542.
17
What is the remainder when 356948 is divided by 550?
548
Calculate the remainder when 1176 is divided by 330.
186
Calculate the remainder when 70158 is divided by 835.
18
Calculate the remainder when 873 is divided by 331.
211
Calculate the remainder when 776950 is divided by 14659.
23
What is the remainder when 578163 is divided by 46?
35
Calculate the remainder when 764258 is divided by 1291.
1277
Calculate the remainder when 563 is divided by 127.
55
What is the remainder when 12184 is divided by 9?
7
Calculate the remainder when 7999 is divided by 444.
7
Calculate the remainder when 4365 is divided by 4351.
14
What is the remainder when 13286 is divided by 578?
570
Calculate the remainder when 5895 is divided by 885.
585
What is the remainder when 3376 is divided by 67?
26
Calculate the remainder when 39 is divided by 1.
0
What is the remainder when 205912 is divided by 51472?
24
What is the remainder when 21243 is divided by 10617?
9
Calculate the remainder when 56819 is divided by 123.
116
Calculate the remainder when 13476 is divided by 69.
21
What is the remainder when 333760 is divided by 166855?
50
What is the remainder when 169059 is divided by 34?
11
Calculate the remainder when 1076 is divided by 1060.
16
What is the remainder when 136059 is divided by 651?
0
Calculate the remainder when 108199 is divided by 27048.
7
Calculate the remainder when 17005 is divided by 8478.
49
Calculate the remainder when 113191 is divided by 63.
43
What is the remainder when 39697 is divided by 721?
42
What is the remainder when 6295 is divided by 191?
183
Calculate the remainder when 25833 is divided by 56.
17
What is the remainder when 17742 is divided by 378?
354
What is the remainder when 2397 is divided by 788?
33
Calculate the remainder when 12902 is divided by 1843.
1
Calculate the remainder when 424643 is divided by 106154.
27
What is the remainder when 57527 is divided by 204?
203
Calculate the remainder when 396949 is divided by 118.
115
What is the remainder when 102983 is divided by 215?
213
What is the remainder when 11662 is divided by 185?
7
Calculate the remainder when 321 is divided by 317.
4
What is the remainder when 10446 is divided by 2611?
2
What is the remainder when 6788 is divided by 2262?
2
Calculate the remainder when 40380 is divided by 33.
21
Calculate the remainder when 134945 is divided by 49.
48
Calculate the remainder when 24391 is divided by 1307.
865
Calculate the remainder when 718794 is divided by 131.
128
Calculate the remainder when 150199 is divided by 200.
199
What is the remainder when 12615 is divided by 218?
189
What is the remainder when 123466 is divided by 61729?
8
What is the remainder when 1363 is divided by 24?
19
What is the remainder when 11367 is divided by 102?
45
What is the remainder when 3018 is divided by 2973?
45
Calculate the remainder when 21405 is divided by 28.
13
Calculate the remainder when 48637 is divided by 201.
196
What is the remainder when 12364273 is divided by 21?
19
Calculate the remainder when 2236 is divided by 375.
361
Calculate the remainder when 559744 is divided by 198.
196
What is the remainder when 11914 is divided by 405?
169
Calculate the remainder when 53723 is divided by 1170.
1073
What is the remainder when 1062 is divided by 663?
399
Calculate the remainder when 23898 is divided by 257.
254
Calculate the remainder when 6767 is divided by 6.
5
Calculate the remainder when 14736 is divided by 7360.
16
Calculate the remainder when 9077 is divided by 151.
17
Calculate the remainder when 748 is divided by 564.
184
What is the remainder when 443 is divided by 64?
59
Calculate the remainder when 98535 is divided by 37.
4
Calculate the remainder when 89162 is divided by 24.
2
What is the remainder when 1380234 is divided by 1296?
1290
What is the remainder when 2782 is divided by 1373?
36
Calculate the remainder when 59169 is divided by 1020.
9
What is the remainder when 53588 is divided by 319?
315
Calculate the remainder when 5176 is divided by 187.
127
Calculate the remainder when 1939 is divided by 450.
139
What is the remainder when 236156 is divided by 236156?
0
What is the remainder when 60967 is divided by 54?
1
What is the remainder when 515 is divided by 52?
47
Calculate the remainder when 3378 is divided by 308.
298
Calculate the remainder when 859122 is divided by 288.
18
What is the remainder when 84800 is divided by 9421?
11
What is the remainder when 4444 is divided by 724?
100
Calculate the remainder when 173117 is divided by 43278.
5
What is the remainder when 541567 is divided by 206?
199
Calculate the remainder when 5264 is divided by 1266.
200
Calculate the remainder when 702692 is divided by 114.
110
Calculate the remainder when 279158 is divided by 800.
758
Calculate the remainder when 34843 is divided by 425.
418
What is the remainder when 176755 is divided by 18?
13
Calculate the remainder when 23683 is divided by 50.
33
Calculate the remainder when 252997 is divided by 4.
1
Calculate the remainder when 360555 is divided by 6.
3
Calculate the remainder when 582504 is divided by 120.
24
What is the remainder when 12761 is divided by 133?
126
What is the remainder when 7057 is divided by 22?
17
Calculate the remainder when 876608 is divided by 438300.
8
Calculate the remainder when 31891 is divided by 7971.
7
What is the remainder when 9304107 is divided by 90?
87
What is the remainder when 62985 is divided by 262?
105
What is the remainder when 5388 is divided by 979?
493
What is the remainder when 12536 is divided by 1392?
8
What is the remainder when 129049 i